100110001101
In base 7, what is -11654 + 120?
-11534
In base 15, what is -815a - -5?
-8155
In base 16, what is -1c3b4 + -3?
-1c3b7
In base 7, what is -55205036 - -1?
-55205035
In base 11, what is 17 - 33616?
-335aa
In base 16, what is -b5fc + 0?
-b5fc
In base 13, what is 6 - 4c06?
-4c00
In base 7, what is 154226 - -2?
154231
In base 4, what is -2333 - -12100?
3101
In base 8, what is 13347 + 111?
13460
In base 2, what is 110101010111 + 110100?
110110001011
In base 9, what is 85408 + 5?
85414
In base 11, what is -6aa36 + -4?
-6aa3a
In base 15, what is -49bb + -d?
-49c9
In base 11, what is -2950 + 56?
-28a5
In base 9, what is 2 - -70321?
70323
In base 16, what is 39a + -8?
392
In base 14, what is -5205a + -1?
-5205b
In base 14, what is 1306 + -31b?
dc9
In base 8, what is 4 - 6315?
-6311
In base 7, what is 3 + -130146?
-130143
In base 4, what is 33 + 233030?
233123
In base 13, what is 40963 + 5?
40968
In base 5, what is -20221331 + 3?
-20221323
In base 12, what is 2b99 - -2?
2b9b
In base 15, what is 38 - -6ec?
735
In base 10, what is -166133 - 1?
-166134
In base 13, what is -9 - 3a0a?
-3a16
In base 15, what is e836 + 5?
e83b
In base 10, what is 2479 - 107?
2372
In base 7, what is -62 + 16112?
16020
In base 15, what is 259 + 14?
26d
In base 7, what is 23244414 + 2?
23244416
In base 16, what is 3e3 + 10c?
4ef
In base 3, what is 122000 - -10110122?
11002122
In base 3, what is -12 + 1021022?
1021010
In base 13, what is -5 + 1aa1?
1a99
In base 7, what is 52 - 1162?
-1110
In base 5, what is -433 - -303043?
302110
In base 9, what is -315256 + -5?
-315262
In base 15, what is -3 - d656a?
-d656d
In base 4, what is 10 + -23321112?
-23321102
In base 12, what is -61 + -751?
-7b2
In base 13, what is 3758 - -172?
38ca
In base 8, what is -273 + -12526?
-13021
In base 4, what is -112122320 - 11?
-112122331
In base 16, what is -d949 - 13?
-d95c
In base 8, what is -6470 - -701?
-5567
In base 6, what is -1 + 1231514?
1231513
In base 2, what is 11 + 111010110100110010?
111010110100110101
In base 14, what is -1311 - 50?
-1361
In base 7, what is -2 + -6606314?
-6606316
In base 10, what is -335 - 3021?
-3356
In base 12, what is 114 - 626?
-512
In base 5, what is 132402040 - -3?
132402043
In base 15, what is c18 - -21d?
e36
In base 12, what is 3346 - -5a?
33a4
In base 7, what is -40142261 - 4?
-40142265
In base 7, what is 6 - -120000?
120006
In base 14, what is 15925 - 4?
15921
In base 13, what is -1 - 3a4a2?
-3a4a3
In base 7, what is -661 + -116?
-1110
In base 15, what is 4 + -17c59?
-17c55
In base 6, what is -5 - -13341?
13332
In base 8, what is 3105 - 21?
3064
In base 15, what is -3b697 - 3?
-3b69a
In base 8, what is -272 + -400?
-672
In base 7, what is 33450 - -3?
33453
In base 14, what is 13 + -571?
-55c
In base 7, what is 3 - -20600?
20603
In base 3, what is -1 - 22120111111?
-22120111112
In base 13, what is 3 - -47bb3?
47bb6
In base 11, what is 26 + -2395?
-236a
In base 11, what is 170a + -2a3?
1417
In base 2, what is -10000110001001101 - -11?
-10000110001001010
In base 2, what is -100001011011011 + -11?
-100001011011110
In base 7, what is 3 - -112502?
112505
In base 12, what is -101 + 31?
-90
In base 4, what is 23030 - -1233?
30323
In base 15, what is -8cc - -c?
-8c0
In base 8, what is -164 + 5436?
5252
In base 16, what is 3f5 - 2b?
3ca
In base 4, what is 12010 + -1133?
10211
In base 13, what is -4c68 + 1?
-4c67
In base 16, what is -3642 - 95?
-36d7
In base 9, what is 0 + 421147?
421147
In base 12, what is 34ba80 + -2?
34ba7a
In base 10, what is -68 - -145?
77
In base 8, what is 20 + 140231?
140251
In base 12, what is -a - 50448?
-50456
In base 6, what is -23 + -4402223?
-4402250
In base 4, what is -132222 + -31220?
-230102
In base 9, what is -7811630 - -5?
-7811624
In base 4, what is -333121 - 121?
-333302
In base 10, what is 369694 - -9?
369703
In base 10, what is 445 - 215?
230
In base 8, what is 14642 - -3?
14645
In base 13, what is -11 + -287c?
-2890
In base 11, what is 608 + 17a?
787
In base 16, what is -e - -664?
656
In base 13, what is 3 - -17505?
17508
In base 7, what is 45 + 103414?
103462
In base 10, what is 59 - -13817?
13876
In base 2, what is 1100001 + -111?
1011010
In base 14, what is -3 - a089?
-a08c
In base 2, what is 10000111111101 - -1000?
10001000000101
In base 12, what is -269 - 23a0?
-2649
In base 8, what is -3 - -2306?
2303
In base 16, what is -9d9 - 31?
-a0a
In base 16, what is 5e9 - -159?
742
In base 6, what is -1035 - -212?
-423
In base 14, what is 2da1d - -3?
2da22
In base 3, what is 1021000111 - 22012?
1020201022
In base 15, what is -9 + -1543?
-154c
In base 16, what is -1bb5 + 82?
-1b33
In base 13, what is 99 - 1a?
7c
In base 9, what is -4 + -5744?
-5748
In base 11, what is 313a3 - 17?
31387
In base 9, what is 12 - 48175?
-48163
In base 15, what is 18175 - -2?
18177
In base 6, what is 5353052 - 4?
5353044
In base 2, what is 1010001 - -1011010110?
1100100111
In base 4, what is -1332023312 - -11?
-1332023301
In base 10, what is -5416 + 202?
-5214
In base 15, what is -10 + 16d7?
16c7
In base 10, what is 4 + 3683?
3687
In base 4, what is 21 - 100220011?
-100213330
In base 6, what is -12 + 1115044?
1115032
In base 6, what is 21112432 + -2?
21112430
In base 9, what is -3252 - -4?
-3247
In base 12, what is a69 - -b28?
1995
In base 6, what is -20 + -1433?
-1453
In base 2, what is 1001001010110111 + -110100?
1001001010000011
In base 9, what is 53 + 608?
662
In base 13, what is -9aca3 + 3?
-9aca0
In base 4, what is -21 + -132113?
-132200
In base 3, what is 2111220110 + 12?
2111220122
In base 2, what is -11011011011111001101 + 101?
-11011011011111001000
In base 5, what is -34004304 - 4?
-34004313
In base 16, what is -92 - -b4f?
abd
In base 14, what is -c1a - 11d?
-d39
In base 15, what is 28be - 8?
28b6
In base 11, what is 14 + 31099?
31102
In base 4, what is -233120 - -33231?
-133223
In base 5, what is 0 - 3410104?
-3410104
In base 11, what is 0 + -28a9?
-28a9
In base 12, what is 176 + -5613?
-5459
In base 10, what is -95362 + 0?
-95362
In base 8, what is 2 - 2263?
-2261
In base 11, what is 41295 - -4?
41299
In base 2, what is -10011110111 - 0?
-10011110111
In base 7, what is 34300 + 131?
34431
In base 16, what is -4 - -14c0?
14bc
In base 13, what is 7 - 2101?
-20c7
In base 7, what is 40262 - -3?
40265
In base 10, what is 48433 + 3?
48436
In base 3, what is 1211212200 - -1?
1211212201
In base 12, what is 6a - -49?
b7
In base 4, what is -1133321323 + -1?
-1133321330
In base 15, what is -4 - -35b3?
35ae
In base 11, what is 1559 + -107?
1452
In base 6, what is 105241 + -100?
105141
In base 7, what is 3022 + 12?
3034
In base 3, what is -100 - 202022120?
-202022220
In base 14, what is -4409 + 7?
-4402
In base 2, what is -1000 + 100010010000?
100010001000
In base 5, what is 222 - 2301310?
-2301033
In base 16, what is 1ae60 + 6?
1ae66
In base 12, what is 4a50 + 96?
4b26
In base 3, what is -1212 + -2111222201?
-2112001120
In base 10, what is 249 - 13697?
-13448
In base 4, what is 3 + 1010230?
1010233
In base 12, what is -1402b55 + -5?
-1402b5a
In base 5, what is 310143 - 4?
310134
In base 7, what is 233 - -1320?
1553
In base 8, what is 2 + -310221?
-310217
In base 9, what is -4 - -253413?
253408
In base 13, what is -2 - -13279c?
13279a
In base 7, what is -1254103 - 10?
-1254113
In base 15, what is -861 + -4?
-865
In base 7, what is -3 + 131454?
131451
In base 13, what is 10b19 + b?
10b27
In base 16, what is 1357 - -f?
1366
In base 7, what is -5306 + -2?
-5311
In base 2, what is -11001000101 + 100?
-11001000001
In base 10, what is 16 + 59262?
59278
In base 10, what is 499 - 9455?
-8956
In base 8, what is 2 + -102443?
-102441
In base 14, what is 7b1 + 5?
7b6
In base 14, what is 283db + -4?
283d7
In base 3, what is -12 - 1022?
-1111
In base 5, what is 101333 + 12?
101400
In base 10, what is 18 + -22074?
-22056
In base 16, what is 2 + 1eaea?
1eaec
In base 5, what is 1041034301 - -4?
1041034310
In base 12, what is -119 + -16a?
-287
In base 6, what is 123 - -423?
550
In base 15, what is -2 - 2e8?
-2ea
In base 6, what is -45102443 - 2?
-45102445
In base 8, what is -25512 - -332?
-25160
In base 4, what is -33312321 - -3?
-33312312
In base 7, what is 3 - 146032?
-146026
In base 9, what is -14 - -6764?
6750
In base 12, what is -3a8 - -1938?
1550
In base 7, wh